- 7. Let q be o(-5). Let l = 125 + q. What is the tens digit of l?
5
Let s(h) = 2*h + 12. Let c be s(-5). Suppose -c*x + 27 = 4*y - 5*x, -29 = -4*y + 5*x. Suppose y*g - g = 245. What is the units digit of g?
9
Suppose 0 = -129*l + 127*l + 938. Suppose 5*h - 301 - l = 0. What is the tens digit of h?
5
Let z = 641 - 266. What is the tens digit of z?
7
Let i(k) = 4*k**2 - 1. Let j be i(1). Let h(y) = y**3 + 2*y**2 - 3*y - 2. Let q be h(j). Suppose 2*n = q - 2. What is the tens digit of n?
1
What is the hundreds digit of 5433*-2*(-2)/12?
8
What is the units digit of (-3)/12 + 16005/20 + 3?
3
Let x(a) = 95*a**2 - 8*a - 20. What is the tens digit of x(-2)?
7
Suppose 0*q + 2*q - h = -167, 0 = -q - 5*h - 89. Let b = -19 - q. What is the tens digit of b?
6
Let v(d) = 8*d**2 - 59*d - 10. What is the tens digit of v(-7)?
9
Suppose 0 = 4*r - 1365 + 385. Suppose 11*m = 6*m - r. What is the tens digit of (-14)/m - 1212/(-21)?
5
What is the tens digit of (4 - (-111)/(-2))*(1 - 3)?
0
Suppose -6*x = -72 - 0. Let g = x - 9. Suppose -g*p - 95 = -8*p. What is the tens digit of p?
1
Let d be 4/(-8) + (-133)/(-2). Let u = 126 - d. What is the units digit of u?
0
Suppose -c = -0 - 5, -s - 23 = -3*c. Let w(b) = -29*b - 32. What is the units digit of w(s)?
0
Suppose 15*s = -53*s + 96900. What is the thousands digit of s?
1
Let g(i) = i**2 - 4. Let j(c) = -3*c**2 + 12. Let b(a) = 17*g(a) + 6*j(a). Let m be b(0). Suppose -r = m*r - 85. What is the tens digit of r?
1
Let l(o) = 35*o**2 + 11*o + 4. What is the hundreds digit of l(7)?
7
Let l(v) = v**3 - 5*v**2 - 6*v + 8. Let c be l(6). Suppose -c*k - 448 = -12*k. What is the hundreds digit of k?
1
Let p = 307 - -730. What is the units digit of p?
7
Let a = 1447 - -316. What is the units digit of a?
3
What is the tens digit of (680/(-25))/((-1)/15)?
0
Suppose -4*x = -3*x - 145. Let n = x + -103. What is the tens digit of n?
4
Let q be -4*(-20)/(-24)*-3. Suppose -q*m = 2*m - 2220. What is the tens digit of m?
8
Let b be 12*(3/12 + 0). Let c(n) = 4*n - 6*n**2 - 7 + 1 + n**2 + n**b + 0*n**2. What is the units digit of c(6)?
4
Suppose -7*n = -3*n. Suppose 2*c - 4 - 6 = n. Suppose 17 = c*v - 4*v. What is the units digit of v?
7
Suppose -72 = 6*n + 2*n. What is the hundreds digit of ((-21)/n)/(1/78)?
1
Suppose f - 3 = 44. Let y = 16 - f. What is the units digit of 0 + -2 + 0 - y?
9
Suppose -8 = -2*z, 2*p - 6*p + 24 = -3*z. What is the units digit of ((-1)/(9/(-33)))/(3/p)?
1
Suppose -2*p = 4*d - 6034, -7*d - 6036 = -2*p - 9*d. What is the tens digit of p?
1
Let m = -371 - -629. What is the tens digit of m?
5
What is the units digit of 482 - (-5 - (6 - 6))?
7
Suppose -v = -3*v + 72. Suppose 2*f - v = 22. What is the units digit of f?
9
Suppose 6*s = 3*s + 6. Suppose -6*j - s = -14. What is the units digit of j?
2
Suppose 4*j - 1244 = -4*b, 3*b + 0*b - 3*j - 951 = 0. Suppose 5*n + 3*y = b, 0*y + y + 66 = n. What is the tens digit of n?
6
Let w(v) = 4*v**2 - 13*v - 2. Let a(i) = -5*i**2 + 14*i + 3. Let h(y) = 3*a(y) + 4*w(y). What is the units digit of h(15)?
6
Let i = 9 - 5. Suppose -i*t - 3 + 19 = 0. Suppose 45 = -t*n + 5*n. What is the units digit of n?
5
Let o = -806 + 1825. What is the units digit of o?
9
Let h(z) = 53*z**2 + 25*z + 96. What is the hundreds digit of h(-6)?
8
Let d(y) = y + 4. Let j be d(3). Suppose z + 3*a + 1 = 0, -2*a = 4*z - j + 1. Let m(h) = 3*h. What is the units digit of m(z)?
6
Suppose 4*g + 482 = 142. What is the tens digit of -3*2/(30/g)?
1
Suppose 9*v + 84 = 13*v. What is the units digit of (-2 - (-2 - v))/(4/8)?
2
Let l(n) = 10 - 19 + 11 - 7*n. Let h be l(-6). Suppose 3*u - h = -u. What is the tens digit of u?
1
What is the units digit of 2*((-6)/(-4))/((-21)/(-15526))?
8
Let u(b) = -45 + 97 - 46 + 110*b. What is the units digit of u(1)?
6
Suppose d + 3*h = -12, 6*d + 92 = 2*d - h. Let n = 158 + d. What is the units digit of n?
4
Let q = 14 - 9. Suppose -r = 4*t - 84 + 7, -4*r - q*t = -275. What is the tens digit of r?
6
What is the hundreds digit of (2146/(-296))/((-405)/404 - -1)?
9
Let l(u) = u**3 + 5*u**2 - u - 5. Let a be l(-5). Suppose i + 2 - 4 = a. Suppose -i*r - 4 = -g, -2*g + 6 = -r - r. What is the units digit of g?
2
Let m(l) = l**2 + 11*l + 12. Let v be m(-10). Suppose v*w - 88 = 42. What is the tens digit of w?
6
Let j be (-6)/3 - (-330)/(-2). Let i = j - -79. Let s = -51 - i. What is the tens digit of s?
3
Let u = -2548 - -4051. What is the units digit of u?
3
Let t = 22 - 10. Suppose 0 = 2*w - t - 18. Let q = 32 - w. What is the tens digit of q?
1
Suppose 0 = 3*r - 2*d + 32, 2*r + 5*d = -r - 46. Let v be (-14)/(-2)*(-64)/(-112). What is the units digit of (-7)/21*v*r?
6
Let h(n) = -2*n**3 + 23*n**2 - 8*n - 3. Let l be (15 - 14)/(2/22). What is the units digit of h(l)?
0
Let u(h) = 380*h**2 - 47*h - 92. What is the tens digit of u(-2)?
2
Let b = 515 + 104. What is the hundreds digit of b?
6
Suppose 3*a = -2*d + 3574 - 141, -2*a = -3*d + 5130. What is the hundreds digit of d?
7
Let u be (-1 - -59)/(4 + -6 + 4). Let m be 2/(-5) - 22/(-5). Suppose 0 = -m*o, 4*o - u = 4*a - 129. What is the units digit of a?
5
Let y(t) = -t**3 - 4*t**2 + 5*t + 5. Let q be y(-5). Let a = -258 + 258. Suppose a = -u + q + 16. What is the units digit of u?
1
Let l = -42 + 72. Let i = l + 59. What is the tens digit of i?
8
Suppose -149*b = -147*b - 464. What is the units digit of b?
2
Let q(f) = 30*f - 18. What is the units digit of q(17)?
2
What is the units digit of (244/(-14))/(1/(-7))?
2
Let u be 20/15*-21*1*-1. Let v = u + 24. What is the units digit of v?
2
Let s(a) = -115*a - 258. What is the units digit of s(-11)?
7
Suppose -4*z + 2008 = 3*q - 3228, 3928 = 3*z + 2*q. What is the tens digit of z?
1
Let r be (-4 - -10)*(-1)/(-2). Suppose 2*w + 212 = 4*m - 0*w, 3*m - r*w - 165 = 0. What is the units digit of m?
1
Let j(f) = 3*f - 18. Let s be j(6). Suppose 5*t = -5*p - 505, 3*t + s*t = -2*p - 299. Let r = -29 - t. What is the units digit of r?
8
Let z = 1486 - 599. What is the units digit of z?
7
Let i = -177 - -1319. What is the units digit of i?
2
Let r(k) = k + 2. Let b be r(2). Let y(o) = 4*o**2 - o - 2. Let p(g) = -5*g**2 + g + 3. Let h(q) = b*y(q) + 3*p(q). What is the units digit of h(1)?
1
Let i be 35/15 + 4/6. Suppose -i*m = 2 - 5, 0 = -2*a + 4*m + 148. What is the tens digit of (-3)/6*(0 - a)?
3
Let a be (-12)/4 - (2 - 7). What is the units digit of (a + 176/6)/(13/78)?
8
Let q be (1/3 - (-20)/(-6))*1. What is the units digit of (123 + 3)/(q/(-2))?
4
Let l(q) = q**2 - 10*q + 7. Let y(a) = a**2 - a - 1. Let b be y(3). Let x(z) = z**2 - 5*z + 4. Let o(i) = b*x(i) - 3*l(i). What is the units digit of o(2)?
7
Let f(t) = t. Let x(w) = 4*w + 2. Let z(h) = -6*f(h) + x(h). What is the units digit of z(0)?
2
Let u(f) = -f**3 + 14*f**2 - 23*f - 16. Let b be u(12). What is the units digit of (-2)/b*-6*-45?
5
What is the tens digit of (-1380)/(-46)*106/4?
9
Suppose 119 = -3*r - b + 2*b, 5*r - 2*b + 198 = 0. Let i = 80 + r. What is the units digit of i?
0
Let f be ((-147)/35)/(2 - 27/15). What is the units digit of f/(-2 - -2 - 0 - 1)?
1
Suppose -591 = -5*f - 4*r, -5*f + 10*f - 5*r - 555 = 0. What is the tens digit of f?
1
Suppose -z = 4*z - 20. Suppose 0*w - 3*j + 16 = 4*w, -8 = -2*w - z*j. Let m(t) = -t**2 + 4*t + 2. What is the units digit of m(w)?
2
Let p(a) = -2*a**3 - 4*a**2 - 12*a + 1. What is the tens digit of p(-7)?
7
Suppose -72 - 68 = -4*i. Suppose 3*j - d = -0*d + i, 25 = 3*j + d. What is the units digit of j?
0
Let c(p) = 155*p + 2. Let i be c(2). Suppose -i + 72 = -6*v. What is the tens digit of v?
4
Let t = -31 - -31. Suppose -2*m - 76 = -5*z - t*z, 2*z - 22 = -2*m. What is the units digit of z?
4
Let m be (0 - 13)/((-6)/6). Let g = 16 - m. What is the units digit of (g/(-3) - -24) + -3?
0
Suppose -7*i = -4*o - 6*i + 9769, 5*o - 2*i - 12209 = 0. What is the thousands digit of o?
2
Suppose -3*x = -5*c + 24, c - 5*x + 22 = 3*c. What is the units digit of ((-42)/(-4))/(c/12)?
1
Let a(p) = p**3 - 10*p**2 + 11*p - 13. Let l be a(9). Suppose 5*h - 4*b - 510 = 0, 306 = -h + 4*h - l*b. What is the tens digit of h?
0
Let o(n) = -n**2 - 3*n + 13. Let j be o(8). Let t = 90 + j. What is the tens digit of t?
1
Suppose 2*h = 6*h + 72. Let v = -18 - h. Suppose 0 = m - v*m - 11. What is the units digit o